at is 103 - d44?
-c41
In base 14, what is 32 - a1?
-6d
In base 8, what is 0 - -260400?
260400
In base 6, what is 24 - -111101?
111125
In base 10, what is 12 + -6359?
-6347
In base 7, what is -15 - -13661?
13643
In base 14, what is -44 - 1472?
-14b6
In base 13, what is 4 - -7c6c?
7c73
In base 2, what is -10010 - 10000011110001?
-10000100000011
In base 11, what is -25 - -a984?
a95a
In base 11, what is -23 + 10a50?
10a28
In base 11, what is -2a88 + -13?
-2aa0
In base 7, what is -2 + 5655556?
5655554
In base 7, what is -20635324 - -4?
-20635320
In base 2, what is -111000100011 - 100?
-111000100111
In base 8, what is 33144 - -4?
33150
In base 16, what is -8 + -16fe?
-1706
In base 5, what is -32311 + -1?
-32312
In base 15, what is 4 - 296d?
-2969
In base 2, what is 1100 + 100000100?
100010000
In base 10, what is 131 - 1779?
-1648
In base 7, what is 5 - 133122?
-133114
In base 11, what is -62a9 - -11a?
-618a
In base 12, what is 37419 + 0?
37419
In base 12, what is 7865 + -2?
7863
In base 7, what is 0 - -661551?
661551
In base 13, what is -53 - a7a?
-b00
In base 2, what is 0 - -11100101101101001001?
11100101101101001001
In base 2, what is 11100 - -10100?
110000
In base 9, what is 7153 - 2?
7151
In base 5, what is 0 - 22401412?
-22401412
In base 13, what is 2713b - -5?
27143
In base 8, what is -14733 + 376?
-14335
In base 11, what is 21 - -318?
339
In base 7, what is 13060 - -11?
13101
In base 5, what is -43230311 - 1?
-43230312
In base 3, what is -11 - 111200112002?
-111200112020
In base 15, what is -d6 + 2e?
-a7
In base 4, what is 11132113 - 1?
11132112
In base 12, what is -a3390 + -2?
-a3392
In base 7, what is 4 + -6663?
-6656
In base 5, what is -122313 - -3311?
-114002
In base 13, what is -36 + -8588?
-85c1
In base 10, what is 1346 - -448?
1794
In base 8, what is 20401604 + 5?
20401611
In base 15, what is -c5 - -e1?
1b
In base 15, what is 4 - 3333?
-332e
In base 7, what is -30 - 16004?
-16034
In base 12, what is 5 - 57b8a?
-57b85
In base 12, what is 3 - 3bb89?
-3bb86
In base 5, what is -20 + -2332?
-2402
In base 2, what is -10111010001000010 + 1?
-10111010001000001
In base 16, what is -1eb + -7?
-1f2
In base 9, what is 1644 + 35?
1680
In base 16, what is -2c - 20c?
-238
In base 9, what is 0 + -2552?
-2552
In base 8, what is 162505 + -1?
162504
In base 13, what is -7881 - -4?
-787a
In base 16, what is 14ff + 1af?
16ae
In base 12, what is 12a957 - 0?
12a957
In base 14, what is b814 + 0?
b814
In base 15, what is 5 + -1a24?
-1a1e
In base 16, what is -553c - 1?
-553d
In base 13, what is -12 - 1106?
-1118
In base 16, what is 2 - -53114?
53116
In base 14, what is 31770 + -2?
3176c
In base 9, what is -80 + 316?
226
In base 12, what is 4 + -1b03a2?
-1b039a
In base 9, what is 38 - 3514?
-3465
In base 11, what is -29 + -129180?
-1291a9
In base 5, what is 30 - -230424?
231004
In base 2, what is -100 - -110010000110111?
110010000110011
In base 5, what is -31411 + -413?
-32324
In base 7, what is -62 - 24053?
-24145
In base 2, what is 11001100 + 11?
11001111
In base 13, what is 24b + -94c?
-701
In base 6, what is -5 - 525443?
-525452
In base 2, what is -101111 + -110000111111?
-110001101110
In base 12, what is 14456 + -5?
14451
In base 6, what is -25 + 142135?
142110
In base 13, what is 578b - -5?
5793
In base 16, what is -135 + 720?
5eb
In base 15, what is -3 - -a4ba?
a4b7
In base 4, what is 11 + -131302010?
-131301333
In base 16, what is -1fb6 + -8?
-1fbe
In base 11, what is 1567a - -21?
156a0
In base 14, what is 1b - -1336?
1353
In base 8, what is 3505 + -3656?
-151
In base 11, what is 1203 + 46?
1249
In base 7, what is -164242 - 2?
-164244
In base 10, what is 20754 + -1?
20753
In base 3, what is -12 + 112222011?
112221222
In base 14, what is 281b - 2?
2819
In base 15, what is -3a1a - c?
-3a27
In base 13, what is 343c0 - 5?
343b8
In base 6, what is 1021520 + 5?
1021525
In base 3, what is -10 - -10000000?
2222220
In base 14, what is -3037 + 4?
-3033
In base 15, what is 14 - a8?
-94
In base 13, what is -5 - 2012?
-2017
In base 4, what is 1313332003 - 1?
1313332002
In base 9, what is 3 + -10012?
-10008
In base 2, what is -100000 + 11010000011?
11001100011
In base 8, what is -57 - 324104?
-324163
In base 11, what is -68 + -3aa?
-467
In base 11, what is -a4857 + -5?
-a4861
In base 9, what is -10 - 178120?
-178130
In base 9, what is 7878 + 237?
8226
In base 6, what is 1201 + -35505?
-34304
In base 6, what is 1 - -213122?
213123
In base 10, what is -1715 + -5?
-1720
In base 7, what is 153 - -11644?
12130
In base 3, what is 100000020020 - -21?
100000020111
In base 7, what is -142 + -160612?
-161054
In base 12, what is 2018 - 190?
1a48
In base 8, what is 114 - -155?
271
In base 11, what is 261aa7 - -4?
262000
In base 10, what is -9963 - -22?
-9941
In base 5, what is -4322421 + 20?
-4322401
In base 12, what is -5550 - 10?
-5560
In base 9, what is -7380 + -52?
-7442
In base 13, what is -408a - -12?
-4078
In base 15, what is -7e50 - -3?
-7e4c
In base 12, what is 40932 - 67?
40887
In base 6, what is 0 + -135531?
-135531
In base 4, what is 0 - 2233102?
-2233102
In base 11, what is 111 - 9511?
-9400
In base 14, what is -1 - -41b8?
41b7
In base 10, what is 21 - -8496?
8517
In base 4, what is 2 + 103012101?
103012103
In base 12, what is 5 + 1705?
170a
In base 5, what is -2 + -3431030?
-3431032
In base 9, what is 27 - -83527?
83555
In base 7, what is 12241624 - -3?
12241630
In base 8, what is -2050362 - 2?
-2050364
In base 11, what is -686 - -3a?
-647
In base 3, what is 102222201 + -11?
102222120
In base 11, what is 4 - -1a831?
1a835
In base 11, what is -3 - -197a0?
19798
In base 5, what is -221114 - -2?
-221112
In base 3, what is 0 - -212121102?
212121102
In base 14, what is -a - 68a7a?
-68a86
In base 4, what is 11013312 - 11?
11013301
In base 8, what is -15675 + -70?
-15765
In base 5, what is 1242 - 1014?
223
In base 13, what is -39b - -22b4?
1c16
In base 16, what is -3c23 + -5?
-3c28
In base 2, what is -100000000001101 + -1011101?
-100000001101010
In base 3, what is -12 + -2002212011?
-2002212100
In base 12, what is 2 - -2107?
2109
In base 9, what is 8624 - 28?
8585
In base 14, what is 5 - -1a77?
1a7c
In base 8, what is -16 - 27646?
-27664
In base 7, what is -4202 + -15?
-4220
In base 13, what is -b877 - -27?
-b850
In base 6, what is -235122 + 4?
-235114
In base 10, what is -7 - 2045?
-2052
In base 6, what is -13 - 12243340?
-12243353
In base 6, what is 3 + 1143?
1150
In base 9, what is 142503 + -5?
142487
In base 11, what is 56291 - 7?
56285
In base 3, what is -11 - -1201021202012?
1201021202001
In base 13, what is 5 + 69384?
69389
In base 6, what is -1 + 354012?
354011
In base 13, what is -20 - -12437?
12417
In base 7, what is -46604 + 10?
-46564
In base 7, what is 616402 - -56?
616461
In base 7, what is -5065 + -2532?
-10630
In base 14, what is 1d061c + 5?
1d0623
In base 2, what is 1 + 1101010111000100?
1101010111000101
In base 16, what is e56 + 2?
e58
In base 9, what is 80 + 10127?
10217
In base 7, what is 60311 - -26?
60340
In base 5, what is 1 - -314423?
314424
In base 13, what is 127610a - 3?
1276107
In base 16, what is -c673 - -3?
-c670
In base 12, what is 20 - -1324?
1344
In base 4, what is -112 - 32332?
-33110
In base 10, what is 6121 - -49?
6170
In base 11, what is -26a7 + -2a?
-2726
In base 16, what is 2c - -3f75?
3fa1
In base 2, what is -11110101101000011 - 10?
-11110101101000101
In base 15, what is 2d + 7a9?
7d7
In base 9, what is -4551 - -1?
-4550
In base 7, what is -445624 + -44?
-446001
In base 15, what is 5 - 5e6ee?
-5e6e9
In base 10, what is -2 - 26737?
-26739
In base 11, what is 26062 + -1?
26061
In base 2, what is -1011 - 1010101001000?
-1010101010011
In base 7, what is 24 + 11614?
11641
In base 2, what is 111 - -111111000010110?
111111000011101
In base 12, what is 4702 + 3?
4705
In base 13, what is 7 + 10b68?
10b72
In base 12, what is 18 - -127b2?
1280a
In base 4, what is 200133 - -21?
200220
In base 7, what is 30642 - 134?
30505
In base 3, what is 10201012112 - 11?
10201012101
In base 7, what is 3240410 + -10?
3240400
In base 14, what is -a - 2a3?
-2ad
In base 5, what is -41 + 12244?
12203
In base 14, what is -673 + 143?
-530
In base 10, what is -12540 + -14?
-12554
In base 4, what is 2100101 - 11?
2100030
In base 6, what is 1 - 2101010?
-2101005
